tors of 319408?
2, 19963
What are the prime factors of 21864?
2, 3, 911
What are the prime factors of 1713525?
3, 5, 11, 31, 67
What are the prime factors of 184030?
2, 5, 7, 11, 239
List the prime factors of 20844.
2, 3, 193
List the prime factors of 582038.
2, 23, 12653
What are the prime factors of 36886?
2, 18443
List the prime factors of 3765022.
2, 227, 8293
List the prime factors of 4454925.
3, 5, 59399
What are the prime factors of 2922111?
3, 41, 7919
List the prime factors of 351610.
2, 5, 7, 5023
What are the prime factors of 531457?
531457
List the prime factors of 921718.
2, 7, 65837
List the prime factors of 414947.
13, 59, 541
List the prime factors of 101437.
7, 43, 337
List the prime factors of 135678.
2, 3, 22613
List the prime factors of 2222939.
71, 131, 239
What are the prime factors of 302094?
2, 3, 13, 1291
List the prime factors of 396886.
2, 7, 28349
What are the prime factors of 6649497?
3, 29, 73, 349
List the prime factors of 258418.
2, 129209
List the prime factors of 724563.
3, 7, 31, 53
What are the prime factors of 574902?
2, 3, 19, 41
What are the prime factors of 7925352?
2, 3, 29, 59, 193
List the prime factors of 1439670.
2, 3, 5, 37, 1297
List the prime factors of 5553356.
2, 17, 81667
List the prime factors of 28657.
28657
What are the prime factors of 2867451?
3, 271, 3527
List the prime factors of 2748072.
2, 3, 67, 1709
List the prime factors of 17206673.
11, 1564243
List the prime factors of 1858441.
13, 59, 2423
List the prime factors of 1255480.
2, 5, 31387
List the prime factors of 1691237.
1691237
List the prime factors of 8018670.
2, 3, 5, 11, 47
List the prime factors of 6347226.
2, 3, 619, 1709
List the prime factors of 660651.
3, 220217
List the prime factors of 253446.
2, 3, 53, 797
What are the prime factors of 203305?
5, 73, 557
What are the prime factors of 460359?
3, 51151
What are the prime factors of 17538356?
2, 11, 17, 23447
What are the prime factors of 399072?
2, 3, 4157
List the prime factors of 7966660.
2, 5, 13, 2357
What are the prime factors of 1135211?
7, 11, 23, 641
What are the prime factors of 3615849?
3, 17, 23633
List the prime factors of 342320.
2, 5, 11, 389
What are the prime factors of 12314423?
11, 47, 23819
List the prime factors of 600280.
2, 5, 43, 349
List the prime factors of 1455728.
2, 37, 2459
What are the prime factors of 8774945?
5, 53, 33113
List the prime factors of 380292.
2, 3, 11, 43, 67
List the prime factors of 453613.
479, 947
List the prime factors of 197014.
2, 98507
List the prime factors of 3060693.
3, 113359
What are the prime factors of 3063888?
2, 3, 21277
List the prime factors of 1084736.
2, 17, 997
List the prime factors of 8423999.
8423999
List the prime factors of 943349.
11, 191, 449
What are the prime factors of 19583?
19583
What are the prime factors of 195006?
2, 3, 7, 4643
What are the prime factors of 15098347?
11, 239, 5743
List the prime factors of 5080945.
5, 29, 67, 523
List the prime factors of 204722.
2, 7, 2089
What are the prime factors of 44478?
2, 3, 7, 353
What are the prime factors of 79904?
2, 11, 227
What are the prime factors of 329221?
401, 821
What are the prime factors of 3793208?
2, 474151
What are the prime factors of 115825?
5, 41, 113
List the prime factors of 274910.
2, 5, 37, 743
List the prime factors of 596322.
2, 3, 409
List the prime factors of 5789481.
3, 1929827
What are the prime factors of 2091786?
2, 3, 19, 59, 311
What are the prime factors of 86685?
3, 5, 5779
List the prime factors of 220429.
11, 29, 691
What are the prime factors of 862575?
3, 5, 7, 31, 53
What are the prime factors of 12733808?
2, 31, 25673
List the prime factors of 296950.
2, 5, 5939
List the prime factors of 612847.
612847
What are the prime factors of 256324?
2, 64081
What are the prime factors of 3690021?
3, 233, 5279
List the prime factors of 178828.
2, 13, 19, 181
What are the prime factors of 17084206?
2, 661, 12923
What are the prime factors of 1867478?
2, 933739
List the prime factors of 4774888.
2, 596861
List the prime factors of 11604937.
11604937
List the prime factors of 751174.
2, 37, 10151
List the prime factors of 784825.
5, 31393
List the prime factors of 1502938.
2, 19, 39551
What are the prime factors of 26648176?
2, 59, 28229
List the prime factors of 601701.
3, 167, 1201
What are the prime factors of 105156?
2, 3, 23, 127
List the prime factors of 204891.
3, 163, 419
List the prime factors of 864616.
2, 23, 37, 127
What are the prime factors of 19273607?
19273607
What are the prime factors of 1870867?
17, 110051
List the prime factors of 647690.
2, 5, 239, 271
List the prime factors of 748933.
748933
List the prime factors of 241546.
2, 23, 59, 89
List the prime factors of 2375903.
17, 139759
List the prime factors of 9151969.
9151969
List the prime factors of 8497873.
8497873
What are the prime factors of 43350?
2, 3, 5, 17
What are the prime factors of 1811584?
2, 14153
List the prime factors of 1686680.
2, 5, 149, 283
What are the prime factors of 706603?
706603
What are the prime factors of 17204198?
2, 11, 782009
List the prime factors of 124201.
7, 11, 1613
List the prime factors of 69189.
3, 23063
List the prime factors of 8880982.
2, 11, 403681
What are the prime factors of 2319819?
3, 773273
What are the prime factors of 13079774?
2, 167, 39161
What are the prime factors of 2437124?
2, 131, 4651
List the prime factors of 125130.
2, 3, 5, 43, 97
List the prime factors of 42833.
7, 29, 211
List the prime factors of 33284.
2, 53, 157
List the prime factors of 8923510.
2, 5, 892351
List the prime factors of 228714.
2, 3, 38119
List the prime factors of 470155.
5, 7, 19, 101
List the prime factors of 103867.
103867
List the prime factors of 3582272.
2, 223, 251
List the prime factors of 135266.
2, 47, 1439
What are the prime factors of 19314914?
2, 9657457
List the prime factors of 10348536.
2, 3, 11, 39199
List the prime factors of 37764.
2, 3, 1049
What are the prime factors of 10478339?
1361, 7699
What are the prime factors of 307549?
11, 73, 383
List the prime factors of 245753.
245753
List the prime factors of 10366732.
2, 2591683
What are the prime factors of 9605744?
2, 600359
List the prime factors of 55772.
2, 73, 191
List the prime factors of 17681074.
2, 761, 11617
What are the prime factors of 3212801?
23, 41, 3407
What are the prime factors of 7402750?
2, 5, 29611
What are the prime factors of 97252?
2, 41, 593
List the prime factors of 2669496.
2, 3, 111229
List the prime factors of 15566433.
3, 31, 167381
List the prime factors of 2722443.
3, 907481
List the prime factors of 302375.
5, 41, 59
List the prime factors of 35714.
2, 7, 2551
List the prime factors of 33065090.
2, 5, 3306509
List the prime factors of 227714.
2, 41, 2777
List the prime factors of 1707897.
3, 29, 67, 293
What are the prime factors of 335265?
3, 5, 7, 31, 103
List the prime factors of 368601.
3, 122867
What are the prime factors of 1157220?
2, 3, 5, 2143
What are the prime factors of 768639?
3, 173, 1481
What are the prime factors of 2670818?
2, 1335409
List the prime factors of 642012.
2, 3, 7, 7643
List the prime factors of 2917097.
2917097
List the prime factors of 16581141.
3, 1842349
What are the prime factors of 45993?
3, 15331
List the prime factors of 4278952.
2, 19, 28151
What are the prime factors of 2768382?
2, 3, 17, 83, 109
What are the prime factors of 964201?
7, 137743
List the prime factors of 16436285.
5, 41, 80177
What are the prime factors of 1236430?
2, 5, 13, 9511
List the prime factors of 6119757.
3, 7, 13877
List the prime factors of 133422.
2, 3, 37, 601
List the prime factors of 4668035.
5, 933607
List the prime factors of 1086143.
151, 7193
What are the prime factors of 264627?
3, 11
List the prime factors of 90604.
2, 22651
What are the prime factors of 339348?
2, 3, 28279
List the prime factors of 5756837.
5756837
What are the prime factors of 414996?
2, 3, 34583
What are the prime factors of 4309044?
2, 3, 73, 4919
List the prime factors of 3387791.
11, 131, 2351
What are the prime factors of 566822?
2, 283411
What are the prime factors of 20457064?
2, 29, 88177
List the prime factors of 274168.
2, 43, 797
List the prime factors of 77029.
77029
What are the prime factors of 22596?
